{"id":20,"date":"2021-11-11T07:37:00","date_gmt":"2021-11-11T06:37:00","guid":{"rendered":"https:\/\/themify.me\/demo\/themes\/ultra-restaurant\/?page_id=5632"},"modified":"2021-11-12T15:55:28","modified_gmt":"2021-11-12T14:55:28","slug":"catering","status":"publish","type":"page","link":"https:\/\/tematinska.yummycantina.sk\/index.php\/catering\/","title":{"rendered":"CATERING"},"content":{"rendered":"<!--themify_builder_content-->\n<div id=\"themify_builder_content-20\" data-postid=\"20\" class=\"themify_builder_content themify_builder_content-20 themify_builder tf_clear\">\n                    <div  data-parallax-bg=\"mobile\" data-lazy=\"1\" class=\"module_row themify_builder_row tb_i765881 tb_first tf_w\">\n            <span  class=\"builder_row_cover tf_abs\" data-lazy=\"1\"><\/span>            <div class=\"row_inner col_align_top tb_col_count_1 tf_box tf_rel\">\n                        <div  data-lazy=\"1\" class=\"module_column tb-column col-full tb_lh59881 first\">\n                    <!-- module fancy heading -->\n<div  class=\"module module-fancy-heading tb_z2g5881  tb_hide_divider\" data-lazy=\"1\">\n        <h1 class=\"fancy-heading\">\n    <span class=\"main-head tf_block\">\n                    <span class=\"maketable\">\n\t\t\t\t\t\t\t<span class=\"addBorder\"><\/span>\n\t\t\t\t\t\t\t<span class=\"fork-icon\"><\/span>\n\t\t\t\t\t\t\t<span class=\"addBorder\"><\/span>\n\t\t\t\t\t\t\t<\/span>\n\t\t\t\t\t\t\tCATERING\n\t\t\t\t\t\t\t<span class=\"bottomBorder\"><\/span>            <\/span>\n\n    \n    <span class=\"sub-head tf_block tf_rel\">\n                    Objavujte            <\/span>\n    <\/h1>\n<\/div>\n<!-- \/module fancy heading -->\n        <\/div>\n                        <\/div>\n        <\/div>\n                        <div  data-lazy=\"1\" class=\"module_row themify_builder_row tb_omwp753 tf_w\">\n                        <div class=\"row_inner col_align_middle tb_col_count_2 tf_box tf_rel\">\n                        <div  data-lazy=\"1\" class=\"module_column tb-column col4-2 tb_1u1g753 first\">\n                    <!-- module fancy heading -->\n<div  class=\"module module-fancy-heading tb_4xkw753  tb_hide_divider\" data-lazy=\"1\">\n        <h2 class=\"fancy-heading\">\n    <span class=\"main-head tf_block\">\n                    <span class=\"maketable\">\n\t\t\t\t\t\t\t<span class=\"addBorder\"><\/span>\n\t\t\t\t\t\t\t<span class=\"fork-icon\"><\/span>\n\t\t\t\t\t\t\t<span class=\"addBorder\"><\/span>\n\t\t\t\t\t\t\t<\/span>\n\t\t\t\t\t\t\t\tJEDL\u00c1 &amp; AKCIE\n\t\t\t\t\t\t\t<span class=\"bottomBorder\"><\/span>            <\/span>\n\n    \n    <span class=\"sub-head tf_block tf_rel\">\n                                <\/span>\n    <\/h2>\n<\/div>\n<!-- \/module fancy heading -->\n<!-- module text -->\n<div  class=\"module module-text tb_rklx753   \" data-lazy=\"1\">\n        <div  class=\"tb_text_wrap\">\n        <p>Cateringov\u00e9 menu pod\u013ea Va\u0161ich predst\u00e1v.<\/p>\n<p>Va\u0161e menu vieme zostavi\u0165 na mieru. Nemus\u00edte sa obmedzova\u0165 na\u0161\u00edm jed\u00e1lnym l\u00edstkom. Predstavte n\u00e1m Va\u0161e po\u017eiadavky a vyplnte n\u00e1\u0161 kontaktn\u00fd formul\u00e1r. Sp\u00e4tne V\u00e1m odo\u0161leme e-mail s cenovou ponukou.<\/p>    <\/div>\n<\/div>\n<!-- \/module text --><!-- module buttons -->\n<div  class=\"module module-buttons tb_41y6754 buttons-horizontal solid  xlarge circle\" data-lazy=\"1\">\n        <div class=\"module-buttons-item tf_in_flx\">\n                        <a href=\"https:\/\/tematinska.yummycantina.sk\/index.php\/kontak\/#Kontaktujte-nas\" class=\"ui builder_button tf_in_flx orange\" >\n                                                Kontaktn\u00fd Formul\u00e1r                                        <\/a>\n                <\/div>\n            <\/div>\n<!-- \/module buttons -->\n        <\/div>\n                    <div  data-lazy=\"1\" class=\"module_column tb-column col4-2 tb_ib6l754 last\">\n                    <!-- module image -->\n<div  class=\"module module-image tb_0j2o754 image-top   auto_fullwidth tf_mw\" data-lazy=\"1\">\n        <div class=\"image-wrap tf_rel tf_mw\">\n            <img loading=\"lazy\" decoding=\"async\" src=\"https:\/\/mpsvar.yummycantina.sk\/wp-content\/uploads\/2021\/11\/sparkling-glassware-stands-long-table-prepared-wedding-di-scaled.jpg\" width=\"560\" height=\"400\" title=\"CATERING\" alt=\"CATERING\">    \n        <\/div>\n    <!-- \/image-wrap -->\n    \n        <\/div>\n<!-- \/module image -->        <\/div>\n                        <\/div>\n        <\/div>\n        <\/div>\n<!--\/themify_builder_content-->","protected":false},"excerpt":{"rendered":"<p>Yummy je zna\u010dka p\u00f4sobiaca na slovenskom trhu v oblasti gastron\u00f3mie. Hlavnou \u010dinnos\u0165ou na\u0161ej spolo\u010dnosti je poskytovanie plnohodnotnej stravy z \u010derstv\u00fdch surov\u00edn a kvalitn\u00e9ho m\u00e4sa. Sme hrd\u00ed na to, \u010do doma m\u00e1me, preto si slovensk\u00fa kvalitu na Slovensku chceme aj na\u010falej udr\u017ea\u0165.<\/p>\n","protected":false},"author":1,"featured_media":110,"parent":0,"menu_order":0,"comment_status":"closed","ping_status":"closed","template":"","meta":{"footnotes":""},"class_list":["post-20","page","type-page","status-publish","has-post-thumbnail","hentry","has-post-title","has-post-date","has-post-category","has-post-tag","has-post-comment","has-post-author",""],"yoast_head":"<!-- This site is optimized with the Yoast SEO plugin v17.5 - https:\/\/yoast.com\/wordpress\/plugins\/seo\/ -->\n<title>CATERING - Yummy Temat\u00ednska<\/title>\n<meta name=\"description\" content=\"Va\u0161e menu vieme zostavi\u0165 na mieru. Nemus\u00edte sa obmedzova\u0165 na\u0161\u00edm jed\u00e1lnym l\u00edstkom. Predstavte n\u00e1m Va\u0161e po\u017eiadavky a vyplnte n\u00e1\u0161 kontaktn\u00fd formul\u00e1r. Sp\u00e4tne V\u00e1m odo\u0161leme e-mail s cenovou ponukou.\" \/>\n<meta name=\"robots\" content=\"index, follow, max-snippet:-1, max-image-preview:large, max-video-preview:-1\" \/>\n<link rel=\"canonical\" href=\"https:\/\/tematinska.yummycantina.sk\/index.php\/catering\/\" \/>\n<meta property=\"og:locale\" content=\"sk_SK\" \/>\n<meta property=\"og:type\" content=\"article\" \/>\n<meta property=\"og:title\" content=\"CATERING - Yummy Temat\u00ednska\" \/>\n<meta property=\"og:description\" content=\"Va\u0161e menu vieme zostavi\u0165 na mieru. Nemus\u00edte sa obmedzova\u0165 na\u0161\u00edm jed\u00e1lnym l\u00edstkom. Predstavte n\u00e1m Va\u0161e po\u017eiadavky a vyplnte n\u00e1\u0161 kontaktn\u00fd formul\u00e1r. Sp\u00e4tne V\u00e1m odo\u0161leme e-mail s cenovou ponukou.\" \/>\n<meta property=\"og:url\" content=\"https:\/\/tematinska.yummycantina.sk\/index.php\/catering\/\" \/>\n<meta property=\"og:site_name\" content=\"Yummy Temat\u00ednska\" \/>\n<meta property=\"article:modified_time\" content=\"2021-11-12T14:55:28+00:00\" \/>\n<meta property=\"og:image\" content=\"https:\/\/tematinska.yummycantina.sk\/wp-content\/uploads\/2021\/10\/yummy-e1634137002894.png\" \/>\n\t<meta property=\"og:image:width\" content=\"457\" \/>\n\t<meta property=\"og:image:height\" content=\"254\" \/>\n<meta name=\"twitter:card\" content=\"summary_large_image\" \/>\n<script type=\"application\/ld+json\" class=\"yoast-schema-graph\">{\"@context\":\"https:\/\/schema.org\",\"@graph\":[{\"@type\":\"Organization\",\"@id\":\"https:\/\/tematinska.yummycantina.sk\/#organization\",\"name\":\"Yummy Temat\\u00ednska\",\"url\":\"https:\/\/tematinska.yummycantina.sk\/\",\"sameAs\":[],\"logo\":{\"@type\":\"ImageObject\",\"@id\":\"https:\/\/tematinska.yummycantina.sk\/#logo\",\"inLanguage\":\"sk-SK\",\"url\":\"https:\/\/tematinska.yummycantina.sk\/wp-content\/uploads\/2021\/10\/yummy-e1634137002894.png\",\"contentUrl\":\"https:\/\/tematinska.yummycantina.sk\/wp-content\/uploads\/2021\/10\/yummy-e1634137002894.png\",\"width\":457,\"height\":254,\"caption\":\"Yummy Temat\\u00ednska\"},\"image\":{\"@id\":\"https:\/\/tematinska.yummycantina.sk\/#logo\"}},{\"@type\":\"WebSite\",\"@id\":\"https:\/\/tematinska.yummycantina.sk\/#website\",\"url\":\"https:\/\/tematinska.yummycantina.sk\/\",\"name\":\"Yummy Temat\\u00ednska\",\"description\":\"Temat\\u00ednska\",\"publisher\":{\"@id\":\"https:\/\/tematinska.yummycantina.sk\/#organization\"},\"potentialAction\":[{\"@type\":\"SearchAction\",\"target\":{\"@type\":\"EntryPoint\",\"urlTemplate\":\"https:\/\/tematinska.yummycantina.sk\/?s={search_term_string}\"},\"query-input\":\"required name=search_term_string\"}],\"inLanguage\":\"sk-SK\"},{\"@type\":\"ImageObject\",\"@id\":\"https:\/\/tematinska.yummycantina.sk\/index.php\/catering\/#primaryimage\",\"inLanguage\":\"sk-SK\",\"url\":\"https:\/\/tematinska.yummycantina.sk\/wp-content\/uploads\/2021\/10\/yummy-e1634137002894.png\",\"contentUrl\":\"https:\/\/tematinska.yummycantina.sk\/wp-content\/uploads\/2021\/10\/yummy-e1634137002894.png\",\"width\":457,\"height\":254},{\"@type\":\"WebPage\",\"@id\":\"https:\/\/tematinska.yummycantina.sk\/index.php\/catering\/#webpage\",\"url\":\"https:\/\/tematinska.yummycantina.sk\/index.php\/catering\/\",\"name\":\"CATERING - Yummy Temat\\u00ednska\",\"isPartOf\":{\"@id\":\"https:\/\/tematinska.yummycantina.sk\/#website\"},\"primaryImageOfPage\":{\"@id\":\"https:\/\/tematinska.yummycantina.sk\/index.php\/catering\/#primaryimage\"},\"datePublished\":\"2021-11-11T06:37:00+00:00\",\"dateModified\":\"2021-11-12T14:55:28+00:00\",\"description\":\"Va\\u0161e menu vieme zostavi\\u0165 na mieru. Nemus\\u00edte sa obmedzova\\u0165 na\\u0161\\u00edm jed\\u00e1lnym l\\u00edstkom. Predstavte n\\u00e1m Va\\u0161e po\\u017eiadavky a vyplnte n\\u00e1\\u0161 kontaktn\\u00fd formul\\u00e1r. Sp\\u00e4tne V\\u00e1m odo\\u0161leme e-mail s cenovou ponukou.\",\"breadcrumb\":{\"@id\":\"https:\/\/tematinska.yummycantina.sk\/index.php\/catering\/#breadcrumb\"},\"inLanguage\":\"sk-SK\",\"potentialAction\":[{\"@type\":\"ReadAction\",\"target\":[\"https:\/\/tematinska.yummycantina.sk\/index.php\/catering\/\"]}]},{\"@type\":\"BreadcrumbList\",\"@id\":\"https:\/\/tematinska.yummycantina.sk\/index.php\/catering\/#breadcrumb\",\"itemListElement\":[{\"@type\":\"ListItem\",\"position\":1,\"name\":\"Domovsk\\u00e1 str\\u00e1nka\",\"item\":\"https:\/\/tematinska.yummycantina.sk\/\"},{\"@type\":\"ListItem\",\"position\":2,\"name\":\"CATERING\"}]}]}<\/script>\n<!-- \/ Yoast SEO plugin. -->","yoast_head_json":{"title":"CATERING - Yummy Temat\u00ednska","description":"Va\u0161e menu vieme zostavi\u0165 na mieru. Nemus\u00edte sa obmedzova\u0165 na\u0161\u00edm jed\u00e1lnym l\u00edstkom. Predstavte n\u00e1m Va\u0161e po\u017eiadavky a vyplnte n\u00e1\u0161 kontaktn\u00fd formul\u00e1r. Sp\u00e4tne V\u00e1m odo\u0161leme e-mail s cenovou ponukou.","robots":{"index":"index","follow":"follow","max-snippet":"max-snippet:-1","max-image-preview":"max-image-preview:large","max-video-preview":"max-video-preview:-1"},"canonical":"https:\/\/tematinska.yummycantina.sk\/index.php\/catering\/","og_locale":"sk_SK","og_type":"article","og_title":"CATERING - Yummy Temat\u00ednska","og_description":"Va\u0161e menu vieme zostavi\u0165 na mieru. Nemus\u00edte sa obmedzova\u0165 na\u0161\u00edm jed\u00e1lnym l\u00edstkom. Predstavte n\u00e1m Va\u0161e po\u017eiadavky a vyplnte n\u00e1\u0161 kontaktn\u00fd formul\u00e1r. Sp\u00e4tne V\u00e1m odo\u0161leme e-mail s cenovou ponukou.","og_url":"https:\/\/tematinska.yummycantina.sk\/index.php\/catering\/","og_site_name":"Yummy Temat\u00ednska","article_modified_time":"2021-11-12T14:55:28+00:00","og_image":[{"width":457,"height":254,"url":"https:\/\/tematinska.yummycantina.sk\/wp-content\/uploads\/2021\/10\/yummy-e1634137002894.png","type":"image\/png"}],"twitter_card":"summary_large_image","schema":{"@context":"https:\/\/schema.org","@graph":[{"@type":"Organization","@id":"https:\/\/tematinska.yummycantina.sk\/#organization","name":"Yummy Temat\u00ednska","url":"https:\/\/tematinska.yummycantina.sk\/","sameAs":[],"logo":{"@type":"ImageObject","@id":"https:\/\/tematinska.yummycantina.sk\/#logo","inLanguage":"sk-SK","url":"https:\/\/tematinska.yummycantina.sk\/wp-content\/uploads\/2021\/10\/yummy-e1634137002894.png","contentUrl":"https:\/\/tematinska.yummycantina.sk\/wp-content\/uploads\/2021\/10\/yummy-e1634137002894.png","width":457,"height":254,"caption":"Yummy Temat\u00ednska"},"image":{"@id":"https:\/\/tematinska.yummycantina.sk\/#logo"}},{"@type":"WebSite","@id":"https:\/\/tematinska.yummycantina.sk\/#website","url":"https:\/\/tematinska.yummycantina.sk\/","name":"Yummy Temat\u00ednska","description":"Temat\u00ednska","publisher":{"@id":"https:\/\/tematinska.yummycantina.sk\/#organization"},"potentialAction":[{"@type":"SearchAction","target":{"@type":"EntryPoint","urlTemplate":"https:\/\/tematinska.yummycantina.sk\/?s={search_term_string}"},"query-input":"required name=search_term_string"}],"inLanguage":"sk-SK"},{"@type":"ImageObject","@id":"https:\/\/tematinska.yummycantina.sk\/index.php\/catering\/#primaryimage","inLanguage":"sk-SK","url":"https:\/\/tematinska.yummycantina.sk\/wp-content\/uploads\/2021\/10\/yummy-e1634137002894.png","contentUrl":"https:\/\/tematinska.yummycantina.sk\/wp-content\/uploads\/2021\/10\/yummy-e1634137002894.png","width":457,"height":254},{"@type":"WebPage","@id":"https:\/\/tematinska.yummycantina.sk\/index.php\/catering\/#webpage","url":"https:\/\/tematinska.yummycantina.sk\/index.php\/catering\/","name":"CATERING - Yummy Temat\u00ednska","isPartOf":{"@id":"https:\/\/tematinska.yummycantina.sk\/#website"},"primaryImageOfPage":{"@id":"https:\/\/tematinska.yummycantina.sk\/index.php\/catering\/#primaryimage"},"datePublished":"2021-11-11T06:37:00+00:00","dateModified":"2021-11-12T14:55:28+00:00","description":"Va\u0161e menu vieme zostavi\u0165 na mieru. Nemus\u00edte sa obmedzova\u0165 na\u0161\u00edm jed\u00e1lnym l\u00edstkom. Predstavte n\u00e1m Va\u0161e po\u017eiadavky a vyplnte n\u00e1\u0161 kontaktn\u00fd formul\u00e1r. Sp\u00e4tne V\u00e1m odo\u0161leme e-mail s cenovou ponukou.","breadcrumb":{"@id":"https:\/\/tematinska.yummycantina.sk\/index.php\/catering\/#breadcrumb"},"inLanguage":"sk-SK","potentialAction":[{"@type":"ReadAction","target":["https:\/\/tematinska.yummycantina.sk\/index.php\/catering\/"]}]},{"@type":"BreadcrumbList","@id":"https:\/\/tematinska.yummycantina.sk\/index.php\/catering\/#breadcrumb","itemListElement":[{"@type":"ListItem","position":1,"name":"Domovsk\u00e1 str\u00e1nka","item":"https:\/\/tematinska.yummycantina.sk\/"},{"@type":"ListItem","position":2,"name":"CATERING"}]}]}},"builder_content":"<h1>CATERING<br\/>Objavujte<\/h1>\n<p>Yummy je zna\u010dka p\u00f4sobiaca na slovenskom trhu v oblasti gastron\u00f3mie. Hlavnou \u010dinnos\u0165ou na\u0161ej spolo\u010dnosti je poskytovanie plnohodnotnej stravy z \u010derstv\u00fdch surov\u00edn a kvalitn\u00e9ho m\u00e4sa. Sme hrd\u00ed na to, \u010do doma m\u00e1me, preto si slovensk\u00fa kvalitu na Slovensku chceme aj na\u010falej udr\u017ea\u0165.<\/p>\n<img src=\"https:\/\/themify.me\/demo\/themes\/ultra-restaurant\/files\/2016\/08\/food1-min.jpg\" title=\"ROMANTICK\u00c1 VE\u010cERA\" alt=\"ROMANTICK\u00c1 VE\u010cERA\"> <h3> ROMANTICK\u00c1 VE\u010cERA <\/h3>\n<img src=\"https:\/\/themify.me\/demo\/themes\/ultra-restaurant\/files\/2016\/08\/food3-min.jpg\" title=\"OTVOREN\u00c9 DENNE\" alt=\"OTVOREN\u00c9 DENNE\"> <h3> OTVOREN\u00c9 DENNE <\/h3>\n<img src=\"https:\/\/themify.me\/demo\/themes\/ultra-restaurant\/files\/2016\/08\/food2-min.jpg\" title=\"TERASA\" alt=\"TERASA\"> <h3> TERASA <\/h3>\n<img src=\"https:\/\/themify.me\/demo\/themes\/ultra-restaurant\/files\/2016\/08\/food4-min.jpg\" title=\"ZDRAV\u00c9 JEDLO\" alt=\"ZDRAV\u00c9 JEDLO\"> <h3> ZDRAV\u00c9 JEDLO <\/h3>\n<h2> JEDL\u00c1 & AKCIE<br\/><\/h2>\n<p>Cateringov\u00e9 menu pod\u013ea Va\u0161ich predst\u00e1v.<\/p> <p>Va\u0161e menu vieme zostavi\u0165 na mieru. Nemus\u00edte sa obmedzova\u0165 na\u0161\u00edm jed\u00e1lnym l\u00edstkom. Predstavte n\u00e1m Va\u0161e po\u017eiadavky a vyplnte n\u00e1\u0161 kontaktn\u00fd formul\u00e1r. Sp\u00e4tne V\u00e1m odo\u0161leme e-mail s cenovou ponukou.<\/p>\n<a href=\"https:\/\/tematinska.yummycantina.sk\/index.php\/kontak\/#Kontaktujte-nas\" > Kontaktn\u00fd Formul\u00e1r <\/a>\n<img src=\"https:\/\/mpsvar.yummycantina.sk\/wp-content\/uploads\/2021\/11\/sparkling-glassware-stands-long-table-prepared-wedding-di-scaled.jpg\" width=\"560\" height=\"400\" title=\"CATERING\" alt=\"CATERING\">\n<img src=\"data:image\/svg+xml,%3Csvg%20xmlns=%27http:\/\/www.w3.org\/2000\/svg%27%20width='360'%20height='200'%20viewBox=%270%200%20360%20200%27%3E%3C\/svg%3E\" loading=\"lazy\" data-lazy=\"1\" data-tf-not-load=\"1\" style=\"background:linear-gradient(to right,#39393b 25%,#100c0b 25% 50%,#120e0b 50% 75%,#241b16 75%),linear-gradient(to right,#9b8578 25%,#f6f5f3 25% 50%,#805336 50% 75%,#1b1610 75%),linear-gradient(to right,#adacb1 25%,#cabaa1 25% 50%,#ba9b86 50% 75%,#b2b5ba 75%),linear-gradient(to right,#2c2d31 25%,#070908 25% 50%,#090506 50% 75%,#0d0c0a 75%)\" decoding=\"async\" data-tf-src=\"https:\/\/tematinska.yummycantina.sk\/wp-content\/uploads\/2021\/10\/a-sandwich-1377387_1920-1024x682-360x200.jpg\" width=\"360\" height=\"200\" title=\"CATERING\" alt=\"CATERING\"><noscript><img data-tf-not-load data-no-script src=\"https:\/\/tematinska.yummycantina.sk\/wp-content\/uploads\/2021\/10\/a-sandwich-1377387_1920-1024x682-360x200.jpg\" width=\"360\" height=\"200\" title=\"CATERING\" alt=\"CATERING\"><\/noscript> <img src=\"data:image\/svg+xml,%3Csvg%20xmlns=%27http:\/\/www.w3.org\/2000\/svg%27%20width='360'%20height='200'%20viewBox=%270%200%20360%20200%27%3E%3C\/svg%3E\" loading=\"lazy\" data-lazy=\"1\" data-tf-not-load=\"1\" style=\"background:linear-gradient(to right,#4e2c2b 25%,#e4bc98 25% 50%,#770912 50% 75%,#d87c6f 75%),linear-gradient(to right,#981026 25%,#630611 25% 50%,#694a1e 50% 75%,#f7bf9e 75%),linear-gradient(to right,#501b17 25%,#af1320 25% 50%,#9c282b 50% 75%,#ffe3d8 75%),linear-gradient(to right,#f9f2e2 25%,#881e2c 25% 50%,#a05a40 50% 75%,#f4e4d5 75%)\" decoding=\"async\" data-tf-src=\"https:\/\/tematinska.yummycantina.sk\/wp-content\/uploads\/2021\/10\/sushi-1024x685-360x200.jpg\" width=\"360\" height=\"200\" title=\"CATERING\" alt=\"CATERING\"><noscript><img data-tf-not-load data-no-script src=\"https:\/\/tematinska.yummycantina.sk\/wp-content\/uploads\/2021\/10\/sushi-1024x685-360x200.jpg\" width=\"360\" height=\"200\" title=\"CATERING\" alt=\"CATERING\"><\/noscript> <img src=\"data:image\/svg+xml,%3Csvg%20xmlns=%27http:\/\/www.w3.org\/2000\/svg%27%20width='360'%20height='200'%20viewBox=%270%200%20360%20200%27%3E%3C\/svg%3E\" loading=\"lazy\" data-lazy=\"1\" data-tf-not-load=\"1\" style=\"background:linear-gradient(to right,#ddcbbd 25%,#db6003 25% 50%,#ca8a42 50% 75%,#8a400f 75%),linear-gradient(to right,#994300 25%,#efe0c9 25% 50%,#968f00 50% 75%,#3e2918 75%),linear-gradient(to right,#d86c11 25%,#cc4300 25% 50%,#e5c9a4 50% 75%,#f98424 75%),linear-gradient(to right,#67310f 25%,#720701 25% 50%,#8b2800 50% 75%,#ea8101 75%)\" decoding=\"async\" data-tf-src=\"https:\/\/tematinska.yummycantina.sk\/wp-content\/uploads\/2021\/10\/kimchi-1024x682-360x200.jpg\" width=\"360\" height=\"200\" title=\"CATERING\" alt=\"CATERING\"><noscript><img data-tf-not-load data-no-script src=\"https:\/\/tematinska.yummycantina.sk\/wp-content\/uploads\/2021\/10\/kimchi-1024x682-360x200.jpg\" width=\"360\" height=\"200\" title=\"CATERING\" alt=\"CATERING\"><\/noscript> <img src=\"data:image\/svg+xml,%3Csvg%20xmlns=%27http:\/\/www.w3.org\/2000\/svg%27%20width='360'%20height='200'%20viewBox=%270%200%20360%20200%27%3E%3C\/svg%3E\" loading=\"lazy\" data-lazy=\"1\" data-tf-not-load=\"1\" style=\"background:linear-gradient(to right,#bbb7b8 25%,#f4e4d5 25% 50%,#25333e 50% 75%,#c28c44 75%),linear-gradient(to right,#c3bbb8 25%,#d5d1c5 25% 50%,#205006 50% 75%,#0e0500 75%),linear-gradient(to right,#c1b7ad 25%,#d7b881 25% 50%,#ba8b3d 50% 75%,#7c724f 75%),linear-gradient(to right,#afa59b 25%,#a67725 25% 50%,#9b6c10 50% 75%,#4a3814 75%)\" decoding=\"async\" data-tf-src=\"https:\/\/tematinska.yummycantina.sk\/wp-content\/uploads\/2021\/10\/pasta-1330541_1920-1024x682-360x200.jpg\" width=\"360\" height=\"200\" title=\"CATERING\" alt=\"CATERING\"><noscript><img data-tf-not-load data-no-script src=\"https:\/\/tematinska.yummycantina.sk\/wp-content\/uploads\/2021\/10\/pasta-1330541_1920-1024x682-360x200.jpg\" width=\"360\" height=\"200\" title=\"CATERING\" alt=\"CATERING\"><\/noscript> <img src=\"data:image\/svg+xml,%3Csvg%20xmlns=%27http:\/\/www.w3.org\/2000\/svg%27%20width='360'%20height='200'%20viewBox=%270%200%20360%20200%27%3E%3C\/svg%3E\" loading=\"lazy\" data-lazy=\"1\" data-tf-not-load=\"1\" style=\"background:linear-gradient(to right,#001118 25%,#25650f 25% 50%,#408700 50% 75%,#000000 75%),linear-gradient(to right,#c6a03f 25%,#573824 25% 50%,#93775f 50% 75%,#431b02 75%),linear-gradient(to right,#4d7d17 25%,#9f6e5f 25% 50%,#613c22 50% 75%,#cd6027 75%),linear-gradient(to right,#3e0033 25%,#d9d0b3 25% 50%,#c5b786 50% 75%,#0b0000 75%)\" decoding=\"async\" data-tf-src=\"https:\/\/tematinska.yummycantina.sk\/wp-content\/uploads\/2021\/10\/beef-1239187_1920-1024x652-360x200.jpg\" width=\"360\" height=\"200\" title=\"CATERING\" alt=\"CATERING\"><noscript><img data-tf-not-load data-no-script src=\"https:\/\/tematinska.yummycantina.sk\/wp-content\/uploads\/2021\/10\/beef-1239187_1920-1024x652-360x200.jpg\" width=\"360\" height=\"200\" title=\"CATERING\" alt=\"CATERING\"><\/noscript>","_links":{"self":[{"href":"https:\/\/tematinska.yummycantina.sk\/index.php\/wp-json\/wp\/v2\/pages\/20","targetHints":{"allow":["GET"]}}],"collection":[{"href":"https:\/\/tematinska.yummycantina.sk\/index.php\/wp-json\/wp\/v2\/pages"}],"about":[{"href":"https:\/\/tematinska.yummycantina.sk\/index.php\/wp-json\/wp\/v2\/types\/page"}],"author":[{"embeddable":true,"href":"https:\/\/tematinska.yummycantina.sk\/index.php\/wp-json\/wp\/v2\/users\/1"}],"replies":[{"embeddable":true,"href":"https:\/\/tematinska.yummycantina.sk\/index.php\/wp-json\/wp\/v2\/comments?post=20"}],"version-history":[{"count":24,"href":"https:\/\/tematinska.yummycantina.sk\/index.php\/wp-json\/wp\/v2\/pages\/20\/revisions"}],"predecessor-version":[{"id":270,"href":"https:\/\/tematinska.yummycantina.sk\/index.php\/wp-json\/wp\/v2\/pages\/20\/revisions\/270"}],"wp:featuredmedia":[{"embeddable":true,"href":"https:\/\/tematinska.yummycantina.sk\/index.php\/wp-json\/wp\/v2\/media\/110"}],"wp:attachment":[{"href":"https:\/\/tematinska.yummycantina.sk\/index.php\/wp-json\/wp\/v2\/media?parent=20"}],"curies":[{"name":"wp","href":"https:\/\/api.w.org\/{rel}","templated":true}]}}